of 84 and 335636?
28
What is the highest common divisor of 112575 and 11975?
25
Calculate the greatest common factor of 4976256 and 26688.
192
What is the greatest common factor of 134 and 866540?
2
What is the greatest common factor of 27473 and 11137157?
331
Calculate the greatest common factor of 64856844 and 156.
156
What is the greatest common factor of 2450 and 12473930?
490
What is the highest common factor of 32528538 and 1484?
742
What is the highest common factor of 20 and 98445020?
20
Calculate the highest common factor of 909725258 and 452.
226
What is the greatest common factor of 29637 and 19553871?
111
Calculate the greatest common divisor of 55 and 449653.
1
What is the highest common factor of 320 and 48128320?
320
What is the greatest common factor of 820 and 548578565?
205
What is the highest common factor of 58899 and 265611?
87
Calculate the greatest common divisor of 5712 and 837216.
816
What is the greatest common divisor of 89562 and 61596?
354
Calculate the greatest common factor of 88 and 64266532.
44
What is the greatest common factor of 1854107552 and 13376?
6688
Calculate the highest common divisor of 13402 and 15314.
2
Calculate the highest common divisor of 1248 and 2770144.
416
Calculate the greatest common divisor of 12715 and 4325.
5
Calculate the greatest common factor of 959720840 and 26.
26
Calculate the greatest common divisor of 755 and 792599.
151
What is the greatest common factor of 3270 and 261596730?
3270
Calculate the highest common divisor of 189 and 10653399.
9
Calculate the highest common divisor of 10692 and 898614.
486
Calculate the greatest common divisor of 156498400 and 196100.
5300
Calculate the highest common factor of 14767620 and 980.
980
What is the greatest common factor of 1643 and 18493205?
31
Calculate the highest common factor of 65 and 480705485.
65
What is the highest common factor of 226868 and 3612?
172
Calculate the highest common factor of 15 and 1435599975.
15
Calculate the highest common divisor of 118 and 1236955886.
118
Calculate the highest common divisor of 141 and 2842575.
3
Calculate the highest common divisor of 468 and 20973654.
234
Calculate the highest common divisor of 366880 and 1010.
10
Calculate the highest common factor of 34837 and 292193.
11
Calculate the greatest common divisor of 23056 and 1705440.
176
What is the highest common divisor of 4 and 192004?
4
What is the greatest common divisor of 8350420 and 2080?
260
Calculate the greatest common factor of 10011 and 1108824.
141
What is the greatest common factor of 278 and 434165110?
278
Calculate the highest common divisor of 81852 and 437.
19
What is the greatest common divisor of 58208170 and 3910?
3910
Calculate the greatest common divisor of 13039 and 2479416.
1003
Calculate the highest common factor of 175013594 and 126.
14
What is the highest common divisor of 51 and 531919018?
17
What is the greatest common divisor of 2358 and 250254?
18
Calculate the greatest common divisor of 5634 and 11078948.
626
Calculate the highest common divisor of 6056582 and 28.
14
What is the greatest common divisor of 336 and 45795168?
48
What is the highest common divisor of 12452555 and 135?
5
Calculate the greatest common factor of 141099948 and 42302.
3254
Calculate the greatest common factor of 18572064 and 3248.
3248
What is the highest common factor of 1810 and 55030?
10
Calculate the highest common factor of 891023 and 49.
7
Calculate the greatest common divisor of 25560 and 137361144.
1704
Calculate the highest common factor of 163888563 and 6.
3
Calculate the greatest common factor of 778086 and 114.
6
Calculate the greatest common divisor of 5094 and 1104832.
566
What is the highest common factor of 4700313 and 372?
93
Calculate the highest common factor of 27992681 and 304.
19
Calculate the highest common factor of 40 and 603823.
1
What is the greatest common divisor of 2116968 and 434?
14
What is the highest common factor of 1836 and 194994?
54
What is the greatest common factor of 36342960 and 1920?
240
Calculate the highest common factor of 23432192 and 104.
8
Calculate the highest common factor of 24 and 159270156.
12
What is the greatest common divisor of 304599950 and 188?
94
Calculate the highest common factor of 34179825 and 164517.
5673
What is the highest common factor of 3253630409 and 1961?
1961
Calculate the greatest common factor of 30693036 and 60.
12
What is the greatest common factor of 450125 and 5375?
125
What is the greatest common factor of 2710 and 46927444?
542
Calculate the greatest common divisor of 615 and 3675445.
205
What is the highest common divisor of 13995870 and 15876?
294
Calculate the greatest common factor of 2110 and 10210.
10
What is the highest common divisor of 24573 and 6?
3
What is the greatest common factor of 772112 and 428?
428
What is the highest common factor of 7305 and 1008840?
15
What is the greatest common factor of 7334506 and 58?
58
What is the highest common factor of 66901 and 7633?
449
Calculate the greatest common divisor of 27390 and 42805590.
2490
Calculate the greatest common divisor of 1590111 and 41607.
1809
What is the highest common divisor of 12 and 9089356?
4
What is the greatest common factor of 2733060 and 157030?
410
What is the highest common factor of 1378 and 52702?
26
Calculate the greatest common divisor of 190643 and 2413381.
613
What is the highest common divisor of 2450 and 21367675?
1225
What is the highest common divisor of 4477 and 1404631?
37
What is the highest common divisor of 324 and 496722?
6
What is the highest common divisor of 2030772 and 69466?
1478
Calculate the highest common divisor of 20 and 3683730.
10
Calculate the greatest common divisor of 34209 and 1283471.
1267
Calculate the greatest common divisor of 19575 and 116700.
75
Calculate the greatest common divisor of 66 and 99044.
22
Calculate the greatest common factor of 2425657 and 403.
403
Calculate the highest common factor of 351543 and 301597.
1921
What is the greatest common factor of 539770812 and 6334?
6334
Calculate the highest common divisor of 25792 and 247.
13
What is the highest common factor of 627878 and 2844508?
2006
Calculate the greatest common divisor of 338 and 49999729.
13
Calculate the greatest common divisor of 120 and 248449830.
30
Calculate the highest common divisor of 2007028 and 222.
74
What is the highest common factor of 74 and 9135226?
74
What is the highest common factor of 193580 and 2935?
5
What is the greatest common divisor of 7074 and 2318700?
786
Calculate the highest common divisor of 529 and 42715531.
23
What is the highest common divisor of 64440461 and 427?
61
Calculate the greatest common factor of 1079 and 589505176.
1079
Calculate the greatest common factor of 25480 and 4850755.
3185
Calculate the greatest common factor of 8 and 391292328.
8
Calculate the greatest common factor of 19292445 and 345.
15
Calculate the highest common divisor of 1932 and 12975956.
644
Calculate the greatest common factor of 3772 and 27409238.
1886
What is the highest common factor of 31779908 and 379?
379
Calculate the greatest common factor of 6438744 and 923.
13
Calculate the highest common divisor of 57750526 and 478.
478
Calculate the greatest common divisor of 2323 and 383272.
23
Calculate the highest common factor of 1032 and 137944.
344
Calculate the highest common factor of 168 and 2153546584.
56
What is the highest common divisor of 1839 and 23602952?
613
What is the greatest common factor of 1400998 and 158?
2
Calculate the highest common divisor of 108297 and 24192.
189
What is the highest common divisor of 11280 and 310528?
16
What is the highest common factor of 858055 and 1287?
11
What is the greatest common divisor of 184254 and 10988?
82
Calculate the greatest common divisor of 672 and 798567.
21
What is the greatest common factor of 774399 and 14064?
879
What is the greatest common factor of 260 and 93746540?
20
What is the highest common divisor of 7622239 and 119?
17
What is the greatest common factor of 14 and 18080342?
14
What is the highest common divisor of 34 and 3902554?
34
What is the greatest common divisor of 255 and 1279505?
85
Calculate the greatest common divisor of 1604562 and 816.
102
Calculate the high